{"id":153,"date":"2019-11-29T12:20:33","date_gmt":"2019-11-29T11:20:33","guid":{"rendered":"http:\/\/fermedidoine.fr\/?page_id=153"},"modified":"2021-05-24T15:23:12","modified_gmt":"2021-05-24T13:23:12","slug":"ou-trouver-nos-fraicheurs-didoine","status":"publish","type":"page","link":"https:\/\/fermedidoine.fr\/?page_id=153","title":{"rendered":"O\u00f9 Trouver nos Fra\u00eecheurs d&#8217;Idoine"},"content":{"rendered":"\n<h3>Carte google de nos points de vente<\/h3>\n\n\n\n<p>Vous trouverez sur cette carte <\/p>\n\n\n\n<ul><li>les Restaurateurs proposant nos glaces<\/li><li>les Magasins de producteurs<\/li><li>les Supermarch\u00e9s<\/li><\/ul>\n\n\n\n<p><a href=\"https:\/\/goo.gl\/maps\/9qcXi9DLPrc51Yj18\">https:\/\/goo.gl\/maps\/9qcXi9DLPrc51Yj18<\/a><\/p>\n\n\n\n<p><\/p>\n\n\n\n<h3>Liste de nos points de vente<\/h3>\n\n\n\n<ul><li>Magasin de la ferme \u00e0 Sauchay<\/li><li>Verger de Beaunay \u00e0 Belmesnil<\/li><li>Ferme de Rouxmesnil<\/li><li>Ferme de nos envies \u00e0 St Martin en Campagne<\/li><li>Le panier fermier \u00e0 Dieppe<\/li><li>Intermarch\u00e9 Rouxmesnil<\/li><li>Leclerc Etalondes<\/li><\/ul>\n\n\n\n<p><\/p>\n","protected":false},"excerpt":{"rendered":"<p>Carte google de nos points de vente Vous trouverez sur cette carte les Restaurateurs proposant nos glaces les Magasins de producteurs les Supermarch\u00e9s https:\/\/goo.gl\/maps\/9qcXi9DLPrc51Yj18 Liste de nos points de vente Magasin de la ferme \u00e0 Sauchay Verger de Beaunay \u00e0 Belmesnil Ferme de Rouxmesnil Ferme de nos envies \u00e0 St Martin en Campagne Le panier &hellip; <\/p>\n<p class=\"link-more\"><a href=\"https:\/\/fermedidoine.fr\/?page_id=153\" class=\"more-link\">Continue reading<span class=\"screen-reader-text\"> &#8220;O\u00f9 Trouver nos Fra\u00eecheurs d&#8217;Idoine&#8221;<\/span><\/a><\/p>\n","protected":false},"author":1,"featured_media":155,"parent":0,"menu_order":0,"comment_status":"closed","ping_status":"closed","template":"","meta":[],"_links":{"self":[{"href":"https:\/\/fermedidoine.fr\/index.php?rest_route=\/wp\/v2\/pages\/153"}],"collection":[{"href":"https:\/\/fermedidoine.fr\/index.php?rest_route=\/wp\/v2\/pages"}],"about":[{"href":"https:\/\/fermedidoine.fr\/index.php?rest_route=\/wp\/v2\/types\/page"}],"author":[{"embeddable":true,"href":"https:\/\/fermedidoine.fr\/index.php?rest_route=\/wp\/v2\/users\/1"}],"replies":[{"embeddable":true,"href":"https:\/\/fermedidoine.fr\/index.php?rest_route=%2Fwp%2Fv2%2Fcomments&post=153"}],"version-history":[{"count":4,"href":"https:\/\/fermedidoine.fr\/index.php?rest_route=\/wp\/v2\/pages\/153\/revisions"}],"predecessor-version":[{"id":291,"href":"https:\/\/fermedidoine.fr\/index.php?rest_route=\/wp\/v2\/pages\/153\/revisions\/291"}],"wp:featuredmedia":[{"embeddable":true,"href":"https:\/\/fermedidoine.fr\/index.php?rest_route=\/wp\/v2\/media\/155"}],"wp:attachment":[{"href":"https:\/\/fermedidoine.fr\/index.php?rest_route=%2Fwp%2Fv2%2Fmedia&parent=153"}],"curies":[{"name":"wp","href":"https:\/\/api.w.org\/{rel}","templated":true}]}}