{"id":69,"date":"2017-06-24T22:10:58","date_gmt":"2017-06-24T20:10:58","guid":{"rendered":"http:\/\/fermedidoine.fr\/?page_id=69"},"modified":"2021-05-24T15:21:58","modified_gmt":"2021-05-24T13:21:58","slug":"les-glaces-au-lait-didoine","status":"publish","type":"page","link":"https:\/\/fermedidoine.fr\/?page_id=69","title":{"rendered":"Les glaces au lait d&#8217;Idoine"},"content":{"rendered":"<p>Notre installation et nos choix nous permettent de cr\u00e9er des recettes de glaces uniques, reflet du terroir et du savoir-faire. C\u2019est pourquoi nous produisons, par exemple, une <b>glace au caramel de pomme dieppois, <\/b>ou pourquoi pas demain, au Neufch\u00e2tel ! Et par une s\u00e9lection gourmande des ingr\u00e9dients, nous proposons une gamme de glaces \u00e9toff\u00e9e, r\u00e9pondant \u00e0 l\u2019exigence de tous les palais.<\/p>\n\n\n<h3>Parfums disponibles actuellement<\/h3>\n\n\n\n<p>Gamme Territoir et cr\u00e9ation<\/p>\n\n\n\n<figure class=\"wp-block-image size-large\"><img decoding=\"async\" loading=\"lazy\" width=\"1024\" height=\"288\" src=\"http:\/\/fermedidoine.fr\/wp-content\/uploads\/2019\/12\/Glaces-d\u00e9c-19-gamme-Territoire-et-cr\u00e9ation-1024x288.png\" alt=\"\" class=\"wp-image-175\" srcset=\"https:\/\/fermedidoine.fr\/wp-content\/uploads\/2019\/12\/Glaces-d\u00e9c-19-gamme-Territoire-et-cr\u00e9ation-1024x288.png 1024w, https:\/\/fermedidoine.fr\/wp-content\/uploads\/2019\/12\/Glaces-d\u00e9c-19-gamme-Territoire-et-cr\u00e9ation-300x84.png 300w, https:\/\/fermedidoine.fr\/wp-content\/uploads\/2019\/12\/Glaces-d\u00e9c-19-gamme-Territoire-et-cr\u00e9ation-768x216.png 768w, https:\/\/fermedidoine.fr\/wp-content\/uploads\/2019\/12\/Glaces-d\u00e9c-19-gamme-Territoire-et-cr\u00e9ation.png 1043w\" sizes=\"(max-width: 767px) 89vw, (max-width: 1000px) 54vw, (max-width: 1071px) 543px, 580px\" \/><\/figure>\n\n\n\n<p>Gamme D\u00e9couverte<\/p>\n\n\n\n<figure class=\"wp-block-image size-large\"><img decoding=\"async\" loading=\"lazy\" width=\"1024\" height=\"433\" src=\"http:\/\/fermedidoine.fr\/wp-content\/uploads\/2019\/12\/Glace-d\u00e9c-19-gamme-d\u00e9couverte-1024x433.png\" alt=\"\" class=\"wp-image-176\" srcset=\"https:\/\/fermedidoine.fr\/wp-content\/uploads\/2019\/12\/Glace-d\u00e9c-19-gamme-d\u00e9couverte-1024x433.png 1024w, https:\/\/fermedidoine.fr\/wp-content\/uploads\/2019\/12\/Glace-d\u00e9c-19-gamme-d\u00e9couverte-300x127.png 300w, https:\/\/fermedidoine.fr\/wp-content\/uploads\/2019\/12\/Glace-d\u00e9c-19-gamme-d\u00e9couverte-768x325.png 768w, https:\/\/fermedidoine.fr\/wp-content\/uploads\/2019\/12\/Glace-d\u00e9c-19-gamme-d\u00e9couverte.png 1048w\" sizes=\"(max-width: 767px) 89vw, (max-width: 1000px) 54vw, (max-width: 1071px) 543px, 580px\" \/><\/figure>\n\n\n\n<p>Nos glaces sont disponibles sous diff\u00e9rents formats : <\/p>\n\n\n\n<ul><li>Nomade 125 mL avec cuill\u00e8re int\u00e9gr\u00e9e<\/li><li>Familial 500 mL<\/li><li>Addiction 1 L<\/li><li>Et 2,5 L pour les professionnels et grandes familles.<\/li><\/ul>\n\n\n\n<figure class=\"wp-block-image size-large\"><img decoding=\"async\" loading=\"lazy\" width=\"1012\" height=\"1024\" src=\"http:\/\/fermedidoine.fr\/wp-content\/uploads\/2021\/05\/FermedIvoine-QuentinDehais-7-2-1012x1024.jpg\" alt=\"\" class=\"wp-image-289\" srcset=\"https:\/\/fermedidoine.fr\/wp-content\/uploads\/2021\/05\/FermedIvoine-QuentinDehais-7-2-1012x1024.jpg 1012w, https:\/\/fermedidoine.fr\/wp-content\/uploads\/2021\/05\/FermedIvoine-QuentinDehais-7-2-296x300.jpg 296w, https:\/\/fermedidoine.fr\/wp-content\/uploads\/2021\/05\/FermedIvoine-QuentinDehais-7-2-768x777.jpg 768w, https:\/\/fermedidoine.fr\/wp-content\/uploads\/2021\/05\/FermedIvoine-QuentinDehais-7-2-1518x1536.jpg 1518w, https:\/\/fermedidoine.fr\/wp-content\/uploads\/2021\/05\/FermedIvoine-QuentinDehais-7-2-2024x2048.jpg 2024w, https:\/\/fermedidoine.fr\/wp-content\/uploads\/2021\/05\/FermedIvoine-QuentinDehais-7-2-100x100.jpg 100w\" sizes=\"(max-width: 767px) 89vw, (max-width: 1000px) 54vw, (max-width: 1071px) 543px, 580px\" \/><figcaption>&#8211; \u00a9 Quentin D\u00e9hais &#8211; quentindehais.fr<\/figcaption><\/figure>\n","protected":false},"excerpt":{"rendered":"<p>Notre installation et nos choix nous permettent de cr\u00e9er des recettes de glaces uniques, reflet du terroir et du savoir-faire. C\u2019est pourquoi nous produisons, par exemple, une glace au caramel de pomme dieppois, ou pourquoi pas demain, au Neufch\u00e2tel ! Et par une s\u00e9lection gourmande des ingr\u00e9dients, nous proposons une gamme de glaces \u00e9toff\u00e9e, r\u00e9pondant &hellip; <\/p>\n<p class=\"link-more\"><a href=\"https:\/\/fermedidoine.fr\/?page_id=69\" class=\"more-link\">Continue reading<span class=\"screen-reader-text\"> &#8220;Les glaces au lait d&#8217;Idoine&#8221;<\/span><\/a><\/p>\n","protected":false},"author":1,"featured_media":116,"parent":0,"menu_order":0,"comment_status":"closed","ping_status":"closed","template":"","meta":[],"_links":{"self":[{"href":"https:\/\/fermedidoine.fr\/index.php?rest_route=\/wp\/v2\/pages\/69"}],"collection":[{"href":"https:\/\/fermedidoine.fr\/index.php?rest_route=\/wp\/v2\/pages"}],"about":[{"href":"https:\/\/fermedidoine.fr\/index.php?rest_route=\/wp\/v2\/types\/page"}],"author":[{"embeddable":true,"href":"https:\/\/fermedidoine.fr\/index.php?rest_route=\/wp\/v2\/users\/1"}],"replies":[{"embeddable":true,"href":"https:\/\/fermedidoine.fr\/index.php?rest_route=%2Fwp%2Fv2%2Fcomments&post=69"}],"version-history":[{"count":5,"href":"https:\/\/fermedidoine.fr\/index.php?rest_route=\/wp\/v2\/pages\/69\/revisions"}],"predecessor-version":[{"id":290,"href":"https:\/\/fermedidoine.fr\/index.php?rest_route=\/wp\/v2\/pages\/69\/revisions\/290"}],"wp:featuredmedia":[{"embeddable":true,"href":"https:\/\/fermedidoine.fr\/index.php?rest_route=\/wp\/v2\/media\/116"}],"wp:attachment":[{"href":"https:\/\/fermedidoine.fr\/index.php?rest_route=%2Fwp%2Fv2%2Fmedia&parent=69"}],"curies":[{"name":"wp","href":"https:\/\/api.w.org\/{rel}","templated":true}]}}